-12))?
9
Suppose 5*v - 128 = 112. Suppose 3*u = -2*k + 86, 3*u = -k + 37 + v. What is the units digit of u?
8
Suppose 2*z + d = 6*d - 1, 5*z + 14 = d. Let a be (-60)/(-8)*(-2)/z. Suppose -15 = a*t, 0 = -3*w + t + 3 + 6. What is the units digit of w?
2
Suppose 4 = -0*l + 2*l. Suppose -l*q - 4*m = -20, -4*q - m + 0*m + 47 = 0. What is the tens digit of q?
1
Suppose 0 = -g - 2*u - 2*u + 50, -2*u + 186 = 4*g. What is the tens digit of g?
4
Suppose -2*s = -4*s + 50. What is the units digit of s?
5
Let q = 89 + -63. Let h = 46 - q. What is the units digit of h?
0
Let p(z) = -z**2 - 9*z - 9. Suppose 3*r + 1 + 22 = -4*b, 4*b = -2*r - 22. Let u = b - 1. What is the units digit of p(u)?
9
Let o = -15 + 69. What is the units digit of o?
4
Let g(o) = o**3 + 5*o**2 - 3*o + 10. What is the units digit of g(-5)?
5
Let x be (0 + -12)*(-5)/10. Let d be 8/6 + x/9. Suppose 63 = s + d*s. What is the units digit of s?
1
Suppose a + 3 = -1. Let b be (-1)/(-4) + (-171)/a. Suppose -16 + b = 3*c. What is the units digit of c?
9
What is the tens digit of (-279)/(-6) - 3/(-6)?
4
Let n(v) = v**2 + 1. Let g be n(-1). Suppose d + 3*j + 3 - 4 = 0, g*j = 0. What is the units digit of d?
1
Let m be -10*((-4)/10 - 0). Let c = -3 + m. What is the units digit of c?
1
Let d = -253 - -459. What is the units digit of d?
6
Let n = 9 + 11. What is the units digit of n?
0
Let h = 29 + -14. What is the units digit of h?
5
Suppose -4*s = -3*s - 2*d - 241, -2*s + 5*d + 484 = 0. What is the hundreds digit of s?
2
Let a = -17 - 4. Suppose 0 = 3*u + 4*y + 43, 3*y - 5 = 8*y. Let n = u - a. What is the units digit of n?
8
Suppose -d + 4*d + 5*z = 80, 0 = -5*d - z + 148. What is the units digit of d?
0
Let j = 3 + 13. Suppose -j = 4*t, 10 = 2*p + 3*t - 5*t. What is the units digit of p?
1
What is the units digit of 3/2*278/3?
9
Let c be 6/(-3)*(-2 + 0). Let h = 7 - c. Suppose 0 = -4*y + 2*d + 36, 2*y - h*d + 4*d = 14. What is the units digit of y?
8
Let i(d) = -2*d**2 + 3*d. Let m(b) = 3*b**2 - 2*b - 1. Let l(v) = -4*i(v) - 3*m(v). What is the units digit of l(-5)?
8
Let k = 603 + -289. What is the units digit of k?
4
Suppose 2*o - 31 = -q + 5, 5*o - 112 = 3*q. What is the units digit of o?
0
Let m be (1 + 0)/((-1)/2). Let g be (m - -3)/((-2)/(-8)). Suppose g*i = -i + 45. What is the units digit of i?
9
Let k(d) = d**3 - 6*d**2 - 8*d + 6. Let a be k(7). Let m = a + -1. What is the tens digit of (3/(-3))/(m/34)?
1
Suppose 0 = 4*n + 2*u - 14, 6*u - 4 = 4*n + 2*u. Suppose 0 = -n*l - 9 - 93. What is the units digit of (-1 - l/12)*4?
3
Let x(y) = 3*y**2 - 2*y + 74. What is the units digit of x(0)?
4
Suppose -3*c = 2*c + 3*g - 476, 5*g = 4*c - 403. What is the tens digit of c?
9
Let w(f) = -15*f**3 + f**2 + f. Let r be w(-1). Let i = -3 - 5. Let p = i + r. What is the units digit of p?
7
Let p = -40 - -60. What is the tens digit of p?
2
Suppose -4*y = -18 + 6. Suppose y*z - 62 = 19. What is the units digit of z?
7
What is the units digit of (2/4)/(3/36)?
6
Let i(f) = f**2 - 3*f + 4. What is the units digit of i(-4)?
2
Suppose -2*z + 5*r = 4, 5*z - 2*r + 37 = -15. Let y(d) = -d**3 - 13*d**2 - 14*d - 8. What is the tens digit of y(z)?
1
Suppose -22 + 146 = j + 2*s, -250 = -2*j - 3*s. What is the units digit of j?
8
Let r = 5 - 1. Suppose 0 = -3*l - 4*k - 2, r*l - 3*k = -8*k - 1. What is the units digit of l?
6
Suppose -2*y = -2, -4 = -3*i + 2*y + 3. What is the units digit of i?
3
Let p = 6 - 4. Suppose -p*b + 16 = 2*b, 0 = -t - 2*b + 20. What is the tens digit of t?
1
Let l(x) = x**3 - 4*x**2 - 5*x. Let t be l(5). Let n(y) = y - 4. Let c be n(t). What is the tens digit of 2 + 22*(-2)/c?
1
Let u = 59 - 10. What is the units digit of u?
9
Let g(t) = t + 3. Suppose 0 = -5*z - 15 + 60. Let v be g(z). Suppose v = o + 3. What is the units digit of o?
9
Let k(t) be the third derivative of t**4/24 - t**3/3 + 3*t**2. Let u be k(-5). What is the units digit of ((-13)/3)/(u/21)?
3
What is the units digit of -1 + (-38)/(0 + -2)?
8
Let v(i) be the first derivative of i**3/3 - i**2 - 5*i + 5. Suppose 2 = 2*p - 2, -p - 3 = -o. What is the tens digit of v(o)?
1
Suppose 4*x - 6 = 98. What is the units digit of x?
6
Suppose -14 = 2*n + 30. What is the tens digit of (n/(-2))/((-1)/(-1))?
1
Let a = -82 - -196. What is the units digit of a?
4
Suppose -3*o + 3*s - 5 = -2*s, o = -5*s - 35. What is the units digit of (-6)/4*o/15?
1
Let q(d) = -d**3 + 6*d + 24. What is the units digit of q(-5)?
9
Let a = -1 - -4. Suppose -a*n + 13 = -2*n. What is the tens digit of n?
1
Let v(z) = -z**3 + 10*z**2 + 11*z - 3. Let n be v(11). Let p(u) = 3*u**2 - 4*u - 2. What is the tens digit of p(n)?
3
Let j(u) = u**3 - 6*u**2 - 6*u - 8. Let r be j(7). Let m be -7 - (-6)/((-3)/r). Let t = 13 + m. What is the units digit of t?
8
Let s(c) = 4*c - 1. Let d(l) = -23*l + 7. Let u(o) = -6*d(o) - 34*s(o). What is the units digit of u(7)?
6
Suppose t - 33 + 5 = 5*o, o + 98 = 3*t. What is the units digit of t?
3
Let g(d) = d + 9. Let o be g(-4). Let v = o + 0. What is the units digit of v?
5
Suppose -n + 5*n - 72 = 0. Suppose -2*x = -x - n. Let b = -13 + x. What is the units digit of b?
5
Let f be -4*(-3)/(-6) - -12. Let l = 7 + f. What is the tens digit of l?
1
Let c(j) = -5*j - 7. What is the tens digit of c(-5)?
1
What is the tens digit of (-33)/(2/8*-6)?
2
Suppose -2*i - 2*r + 16 = 0, -3*r + 15 = 2*r. Suppose -2*x - g + 4*g = -45, -i*g - 15 = 0. What is the tens digit of x?
1
Let k(r) = -r**2 + 8*r - 7. Let x be k(7). Let y = 2 + x. What is the units digit of y/6 - 11/(-3)?
4
Let h(o) = o**2 + 3*o - 2. Let s(t) = t - 1. Let z(j) = h(j) + 4*s(j). Let n be z(-7). Let i = n - -8. What is the units digit of i?
2
Let u(c) = -29*c + 3. What is the tens digit of u(-7)?
0
Let j be (4/(-10))/((-4)/20). Suppose -5*l - 3 = j. What is the units digit of -2*-1*l/(-2)?
1
Let t = -4 - -8. Suppose 5*q - q = 3*p - t, p = -5*q + 14. Suppose q*y = 3 + 1. What is the units digit of y?
2
Let l be (-1 - 34)*4/(-10). What is the units digit of l/(-35) - 94/(-10)?
9
Let w(q) = -116*q - 6. What is the hundreds digit of w(-1)?
1
Let f(d) = -d - 1. Let l be f(-5). Suppose 3 = p, q - 4*p = -l*q + 8. Let r = 8 - q. What is the units digit of r?
4
Let x(r) = r**3 + 2*r**2 - 2*r + 3. Let c be x(-3). Suppose c*g + 2*g - 24 = 0. What is the units digit of g?
2
Let x(f) = 3*f - 3. Let r be x(2). Suppose 0 = 2*c + r*c - 75. What is the units digit of c?
5
Let q = 37 - -41. What is the tens digit of q?
7
Let i(x) = 8*x**3 + x**2 - x. What is the units digit of i(1)?
8
Let n(g) = -g**3 - 16*g**2 + 3*g + 24. What is the tens digit of n(-17)?
6
Let o be (-3)/(-2 + (-2)/(-4)). Suppose j + h = 2*j - 11, o*h - 8 = 0. Suppose 0 = 4*q - q - j. What is the units digit of q?
5
Suppose 4*d = 3*s - 5 - 3, s + 2*d = 6. Suppose -2*a = -a + 3*m - 16, -s*m = -16. What is the units digit of a?
4
Let d be 23 - (0 + 0 + 3). Suppose -4*t = -d - 12. What is the units digit of t?
8
Let o be (-3 + 1 + 3)/1. What is the units digit of 5 - o - (-3 + 1)?
6
Let s(a) = -a**2 - 2*a - 4. Let f be s(-5). Suppose -5*o + 2*m - 44 = 3*m, 12 = -o + 3*m. Let u = o - f. What is the units digit of u?
0
Let i(j) = -j**3 - 7*j**2 + 8*j + 5. Let r be i(-8). Suppose -4*d - r = -17. What is the units digit of (2/6)/(d/9)?
1
Let s(d) = d**2 + 3*d - 2. Let c be s(-4). Suppose 5*g = -c*r + 83, -3*g - r + 0*r = -49. What is the tens digit of g?
1
Let u(j) = 58*j - 50. What is the tens digit of u(4)?
8
Let z = 66 - 31. What is the tens digit of z?
3
What is the units digit of 9*-13*1/(-3)?
9
Suppose 0 = -5*x + 4*p + 70, 10 = 3*p - p. Suppose -x = -3*o + o - 4*d, 3*o - 2*d - 67 = 0. What is the tens digit of o?
1
Suppose -2*g + 30 = -2*z, -g = -5*g - 4*z + 44. What is the tens digit of g?
1
Let j be (-56)/14 + 136/2. Let y be (-18)/(-8) + 1/(-4). Suppose -y*o - 9 = -5*f + j, 5*f + o - 61 = 0. What is the tens digit of f?
1
Suppose 2*n + 2*s = -3*s + 70, -3*s = -5*n + 237. What is the units digit of n?
5
Let s(c) = 2*c**3 + 2*c**2 - 2*c + 1. Let n be s(1). Suppose -275 = -n*o - 2*o. What is the tens digit of o?
5
Let n = -519 - -757. What is the units digit of n?
8
Suppose 7*t = 2*t + 50. Let r(f) = -5*f**3 - 11*f + 2*f**3 - t*f**2 + 2*f**3 - 11. What is the units digit of r(-9)?
7
Let c = -131 + 183. What is the units digit o